tors of c?
2
Let x = -185 + 214. What are the prime factors of x?
29
Let x(l) = -l**2 + 36*l - 101. List the prime factors of x(18).
223
Suppose -2*v - 5*z + 784 = 0, 0 = -4*v + v + 5*z + 1176. List the prime factors of v.
2, 7
Let r(s) = -s**2 + 11*s - 2. Let u be r(11). List the prime factors of (-11)/(5/u - -2).
2, 11
Let f(m) = m**2 - 7*m + 6. Let s be f(7). Suppose 3*z + 2*z - 35 = 0. Let q = z + s. List the prime factors of q.
13
Let b = 4 - 2. Suppose -3*x = b*x - 55. List the prime factors of x - (-2 - 0)/(-1).
3
Let b be (-1)/2 - 9/2. Let t(x) be the third derivative of -x**4/24 - x**3/2 + 2*x**2. What are the prime factors of t(b)?
2
Let n be (-1 + -5)*9/(-2). Suppose -2*r = -4*q - 18, 4*r - 2*q + 3*q = n. List the prime factors of r.
7
Let x(q) = -8*q**2 + 2. Let y be x(2). List the prime factors of (-6)/(-45) - 926/y.
31
Suppose 2*q = -8 - 62. Let n = -19 - q. Suppose 0*g = w + 3*g - n, 2*g = 6. What are the prime factors of w?
7
What are the prime factors of (-4 - (-1)/1) + 69?
2, 3, 11
Let r(p) = 34*p + 8. Let h be r(6). List the prime factors of 4/(-20) + h/10.
3, 7
Let u = 360 - 98. List the prime factors of u.
2, 131
Let t be (-90)/(-75)*680/6. What are the prime factors of 12/8*t/6?
2, 17
Let h(a) = a**3 - 3*a + 7 + 3*a**2 - 3 - 1. Let k = 22 + -25. List the prime factors of h(k).
2, 3
Let m = -1 - -3. Suppose -4*l = -m*y - 38, 4*y = -l - 3*l + 32. What are the prime factors of l?
3
Let j = -6 + 9. Suppose j*u = -u - 52. Let l = 4 - u. List the prime factors of l.
17
Let d = -10 - -15. Let a be 11 - (d - (5 - 2)). Let g(v) = v**2 - 8*v - 2. List the prime factors of g(a).
7
What are the prime factors of 3 - (3 + -1 - (-91)/(-13))?
2
Suppose b - 20 = 6. What are the prime factors of b?
2, 13
Suppose 3*h = 4*i + 97, -2*h + 2*i - 49 = -3*h. Let u = 97 - h. Suppose 4*k - 2 - u = 0. What are the prime factors of k?
3, 5
Let i(g) be the first derivative of g**4/4 + 7*g**3/3 + 5*g**2/2 - 2*g - 1. Suppose 0 = -3*j - 6, 4*c + 3*j + 26 = 2*j. List the prime factors of i(c).
2
Let i(k) = k + 1. Let n be i(2). Suppose 3*q - n = 3*p - 48, 0 = -4*p + q + 45. List the prime factors of p.
2, 5
Let t = -3 - -1. Let q = 1 - t. Suppose -v - 18 = -q*v. What are the prime factors of v?
3
Let m(u) = -u**2 + 20. Let v be m(0). Suppose 0 = -2*l - v - 14. Let b = l - -27. What are the prime factors of b?
2, 5
Let z(f) = 2*f**2 - f + 2. Let a be z(-2). Suppose -3*i + a = i. List the prime factors of i.
3
Suppose 3*k + k - 10 = 2*l, -4*l + 4*k = 12. Suppose 4*a - 2*a = 4. Let w = a - l. What are the prime factors of w?
3
Suppose -2*d + 3*j = 4, 3*d - 3*j + 8 = -1. Let g = d + 3. What are the prime factors of (-4)/6*27/g?
3
Let h = 2 + -3. Let p = -2 + 5. Let s = h + p. List the prime factors of s.
2
Suppose 11 = -3*q - 4*g, 2*q - 5*g - 30 = 1. Suppose q*f + 0*f - 60 = 0. List the prime factors of f.
2, 5
Suppose 3*m - 16 = -2*h, -2*h - 9 - 3 = -4*m. Let l(s) = s - 4. Let b be l(6). Suppose 3*y - m*y = b*w - 40, -4*w = y - 78. What are the prime factors of w?
19
Let n(r) be the second derivative of r**5/60 - r**4/6 - 2*r**3/3 + r**2 + 2*r. Let h(a) be the first derivative of n(a). What are the prime factors of h(6)?
2
Let x be ((-3)/9)/((-2)/84). Suppose 2*v = -5*z - 10, -z - 5*v + x = -7. What are the prime factors of (1/2)/(z/(-72))?
3
Let h = 29 + 16. What are the prime factors of h?
3, 5
List the prime factors of 106/3 + -2 + (-28)/(-42).
2, 17
Suppose -3*s + s + 4 = 0. Let q be s/1 - (3 - -6). Let g = -4 - q. What are the prime factors of g?
3
Let b(o) be the second derivative of -2*o**3/3 - 15*o**2/2 - 6*o. List the prime factors of b(-10).
5
Suppose -4*g - 34 = -10. Let h = g + 11. What are the prime factors of h?
5
Let w be (1 - 2)*(3 - -1). Let p = w - -4. Suppose p = -4*h + 45 - 5. What are the prime factors of h?
2, 5
Let t(b) = -7*b**3 - 2*b**2 - 2*b - 1. Let r be t(-1). Let a(w) = -w**3 + 5*w**2 + 8*w - 6. What are the prime factors of a(r)?
2, 3
Let m = -7 - -4. What are the prime factors of m/(-2)*(-50)/(-15)?
5
Let b(d) = 14*d - 12. List the prime factors of b(7).
2, 43
Let w = 3372 + -2034. List the prime factors of (-2)/(-9) - w/(-54).
5
Suppose 0 = -i + 4*i. Let m = -2 - i. Let k = 4 + m. What are the prime factors of k?
2
Suppose 3*b + 2*b = -15. Let v = b - -5. What are the prime factors of v?
2
Let i be (-1252)/(-10) - 2/10. Let o = 179 - i. List the prime factors of o.
2, 3
Let h be 8/12 - (-44)/6. Suppose -2*o - 3*i + 16 = 0, -3*i + 0*i = o - h. What are the prime factors of o?
2
Let n be 0/(3 - 2/2). Suppose 0 = 2*c - 3*k, 0 = -5*c - k - n*k - 34. List the prime factors of ((-3)/2)/(c/40).
2, 5
Let s(o) = -o**3 - 2*o**2 + o + 2. Let i be -2*(-3 + (-4)/(-1)). Let a be s(i). Suppose -w + 9 - 4 = a. List the prime factors of w.
5
Let y(t) = -t**3 - 6*t**2 - 7*t - 7. Let f be y(-5). Suppose f*n - 78 = n. Suppose -n = -l - 2*l. What are the prime factors of l?
13
Let d be (-2)/5 - (-12)/(-20). Let h be (d/2)/(2/(-64)). Suppose h = 4*o - 8. What are the prime factors of o?
2, 3
Let r(m) = m**3 - 8*m**2 + 10*m + 2. Let x(l) = l**3 + 11*l**2 + 8*l - 13. Let a be x(-10). List the prime factors of r(a).
23
Suppose -2*a = d - 210, 210 = 4*a - 2*a + 5*d. List the prime factors of a.
3, 5, 7
Let g(b) = 2*b**2 - 5*b. Suppose -5*q - 12 + 37 = 0. Let c(x) = -3*x**2 + 10*x. Let d(s) = q*g(s) + 3*c(s). What are the prime factors of d(-6)?
2, 3
Let y be (-1 - 6/(-4))*0. Let n be y + 0 + 0 + 1. What are the prime factors of -1*n*(2 - 10)?
2
Let o(c) = -2*c**3 + 3*c**2 + 4*c - 1. What are the prime factors of o(-5)?
2, 19
Let f = 12 - 21. Let l = f + 14. What are the prime factors of l?
5
Let c = -25 - -29. List the prime factors of c.
2
What are the prime factors of 0 + 4 - -60 - 2?
2, 31
Let i be (-2 - -4)*18/4. Let r = -4 + i. Suppose 2*o + 0*o + r*b = 1, 36 = 3*o - 4*b. List the prime factors of o.
2
Let b = 9 + -6. Suppose -q = -v + 9, -3 = 5*v + b*q - 64. List the prime factors of v.
11
Let d(m) = -m - 6. Let t be d(-3). List the prime factors of (-196)/21*(0 + t).
2, 7
Suppose -j = -4*w + 18, 0*j - 3*w = -2*j - 11. Let t = -20 + 25. Suppose 5*b + 90 = 5*u, 0 = -t*u - 0*u + j*b + 84. List the prime factors of u.
2
Suppose 0 = -2*p + 3*p - 35. List the prime factors of p.
5, 7
Suppose 2*w - 128 = -4*t, -w - 2*w = t - 22. What are the prime factors of t?
2, 17
Let a = 9 - 5. Suppose 3*u = -a*n + 4, 0*u - 5*n + 7 = 4*u. List the prime factors of u.
2
Let h = 3 - 1. Suppose -h*z + 12 = -8. What are the prime factors of z?
2, 5
Suppose 4*c + 80 = 4*i, i - 7*c = -2*c + 16. Suppose 39 + i = 3*d. List the prime factors of d.
2, 5
Suppose 0*f + 5*f = 4*p - 167, 4*p + f - 173 = 0. What are the prime factors of p?
43
Let a = 254 + -146. List the prime factors of a.
2, 3
Let z = -20 - -34. Suppose 2*g - 2 = -2*w, 0*g = -5*g + 2*w + 26. Let a = z - g. List the prime factors of a.
2, 5
Let z = 2 - -1. List the prime factors of 0 - 19*(-3)/z.
19
Let z(n) = -2*n - 7. Let t(q) = q**2 - 6*q - 1. Let y(d) = -d**2 + 8*d + 5. Let o be y(8). Let s be t(o). What are the prime factors of z(s)?
5
Suppose 3*q - 3*c = 2*c + 461, 0 = -2*c + 10. What are the prime factors of q?
2, 3
Let u be ((-4)/(-6))/((-2)/(-12)). Let b(r) = -r**3 - 5*r**2 + 4*r + 1. Let w be b(-6). Let h = w - u. What are the prime factors of h?
3
Let c(i) = 3*i - 6. Let p be c(6). Suppose y + y - p = 0. Suppose 3*a - 3*z = y, -3*z - 18 - 2 = -5*a. List the prime factors of a.
7
Let y = 135 + 158. What are the prime factors of y?
293
Let v = -132 - -260. List the prime factors of v.
2
Let y be -1 + ((-5)/(-1) - -1). Suppose x = -2*x + 6. What are the prime factors of (y - (x + -3)) + 1?
7
Suppose 15 = v + 2*v. Let c(j) be the second derivative of -j**4/12 + 7*j**3/6 - 3*j**2/2 - j. List the prime factors of c(v).
7
Suppose 3*t - 1 = 5. Let k be 3*-3 - t/(-1). Let j = 4 - k. What are the prime factors of j?
11
What are the prime factors of 10/(-20)*(2 - (1 - -699))?
349
Let s = 9 - -2. Let k = 22 + 6. Suppose 0 = -5*c + 4*r + k + 25, c - s = r. What are the prime factors of c?
3
Let f(s) = 4*s - 5. Suppose -4*w - 5*j = -0 - 16, -2*w + 4*j = -8. Suppose -8 = 2*k - w*c, -2*c = -3*k + 5 + 3. What are the prime factors of f(k)?
19
Let h = -94 + 229. List the prime factors of h.
3, 5
Let g(w) = w**2 - 